Last updated on 2024-05-13 03:49:28 CEST.
Flavor | Version | Tinstall | Tcheck | Ttotal | Status | Flags |
---|---|---|---|---|---|---|
r-devel-linux-x86_64-debian-clang | 0.3.0 | 7.49 | 74.72 | 82.21 | OK | |
r-devel-linux-x86_64-debian-gcc | 0.3.0 | 5.80 | 56.43 | 62.23 | OK | |
r-devel-linux-x86_64-fedora-clang | 0.3.0 | 102.87 | NOTE | |||
r-devel-linux-x86_64-fedora-gcc | 0.3.0 | 162.98 | OK | |||
r-devel-windows-x86_64 | 0.3.0 | 8.00 | 79.00 | 87.00 | OK | |
r-patched-linux-x86_64 | 0.3.0 | 13.65 | 71.78 | 85.43 | OK | |
r-release-linux-x86_64 | 0.3.0 | 5.24 | 72.24 | 77.48 | OK | |
r-release-macos-arm64 | 0.3.0 | 42.00 | OK | |||
r-release-windows-x86_64 | 0.3.0 | 10.00 | 81.00 | 91.00 | OK | |
r-oldrel-macos-arm64 | 0.3.0 | 39.00 | OK | |||
r-oldrel-macos-x86_64 | 0.3.0 | 62.00 | OK | |||
r-oldrel-windows-x86_64 | 0.3.0 | 9.00 | 87.00 | 96.00 | OK |
Version: 0.3.0
Check: Rd cross-references
Result: NOTE
Undeclared package ‘htmlwidgets’ in Rd xrefs
Flavor: r-devel-linux-x86_64-fedora-clang