Last updated on 2024-05-13 03:49:28 CEST.
Flavor | Version | Tinstall | Tcheck | Ttotal | Status | Flags |
---|---|---|---|---|---|---|
r-devel-linux-x86_64-debian-clang | 0.3.0 | 61.02 | 36.17 | 97.19 | OK | |
r-devel-linux-x86_64-debian-gcc | 0.3.0 | 46.55 | 28.17 | 74.72 | OK | |
r-devel-linux-x86_64-fedora-clang | 0.3.0 | 128.23 | OK | |||
r-devel-linux-x86_64-fedora-gcc | 0.3.0 | 187.07 | OK | |||
r-devel-windows-x86_64 | 0.3.0 | 45.00 | 73.00 | 118.00 | OK | |
r-patched-linux-x86_64 | 0.3.0 | 64.80 | 35.31 | 100.11 | OK | |
r-release-linux-x86_64 | 0.3.0 | 64.35 | 34.41 | 98.76 | OK | |
r-release-macos-arm64 | 0.3.0 | 36.00 | NOTE | |||
r-release-windows-x86_64 | 0.3.0 | 43.00 | 72.00 | 115.00 | OK | |
r-oldrel-macos-arm64 | 0.3.0 | 35.00 | NOTE | |||
r-oldrel-macos-x86_64 | 0.3.0 | 76.00 | NOTE | |||
r-oldrel-windows-x86_64 | 0.3.0 | 55.00 | 80.00 | 135.00 | OK |
Version: 0.3.0
Check: installed package size
Result: NOTE
installed size is 5.8Mb
sub-directories of 1Mb or more:
libs 5.7Mb
Flavors: r-release-macos-arm64, r-oldrel-macos-arm64, r-oldrel-macos-x86_64