Last updated on 2024-05-11 03:51:49 CEST.
Flavor | Version | Tinstall | Tcheck | Ttotal | Status | Flags |
---|---|---|---|---|---|---|
r-devel-linux-x86_64-debian-clang | 5.1 | 25.16 | 159.70 | 184.86 | NOTE | |
r-devel-linux-x86_64-debian-gcc | 5.1 | 15.60 | 112.14 | 127.74 | NOTE | |
r-devel-linux-x86_64-fedora-clang | 5.1 | 217.34 | NOTE | |||
r-devel-linux-x86_64-fedora-gcc | 5.1 | 263.71 | NOTE | |||
r-devel-windows-x86_64 | 5.1 | 19.00 | 132.00 | 151.00 | NOTE | |
r-patched-linux-x86_64 | 5.1 | 24.33 | 149.20 | 173.53 | NOTE | |
r-release-linux-x86_64 | 5.1 | 14.52 | 144.58 | 159.10 | NOTE | |
r-release-macos-arm64 | 5.1 | 54.00 | NOTE | |||
r-release-windows-x86_64 | 5.1 | 19.00 | 128.00 | 147.00 | NOTE | |
r-oldrel-macos-arm64 | 5.1 | 66.00 | OK | |||
r-oldrel-macos-x86_64 | 5.1 | 98.00 | OK | |||
r-oldrel-windows-x86_64 | 5.1 | 24.00 | 158.00 | 182.00 | OK |
Version: 5.1
Check: Rd files
Result: NOTE
checkRd: (-1) difTID.Rd:185: Lost braces
185 | \code{\link[deltaPlotR]{deltaPlot}}, code{\link[deltaPlotR]{diagPlot}}, \code{\link{dichoDif}}
| ^
Flavors: r-devel-linux-x86_64-debian-clang, r-devel-linux-x86_64-debian-gcc, r-devel-linux-x86_64-fedora-clang, r-devel-linux-x86_64-fedora-gcc, r-devel-windows-x86_64, r-patched-linux-x86_64, r-release-linux-x86_64, r-release-macos-arm64, r-release-windows-x86_64