Last updated on 2024-05-11 03:51:49 CEST.
Flavor | Version | Tinstall | Tcheck | Ttotal | Status | Flags |
---|---|---|---|---|---|---|
r-devel-linux-x86_64-debian-clang | 1.1.0 | 5.28 | 44.93 | 50.21 | NOTE | |
r-devel-linux-x86_64-debian-gcc | 1.1.0 | 3.31 | 32.84 | 36.15 | NOTE | |
r-devel-linux-x86_64-fedora-clang | 1.1.0 | 62.64 | NOTE | |||
r-devel-linux-x86_64-fedora-gcc | 1.1.0 | 63.63 | NOTE | |||
r-devel-windows-x86_64 | 1.1.0 | 5.00 | 54.00 | 59.00 | NOTE | |
r-patched-linux-x86_64 | 1.1.0 | 4.57 | 42.41 | 46.98 | NOTE | |
r-release-linux-x86_64 | 1.1.0 | 4.93 | 43.15 | 48.08 | NOTE | |
r-release-macos-arm64 | 1.1.0 | 21.00 | NOTE | |||
r-release-windows-x86_64 | 1.1.0 | 5.00 | 53.00 | 58.00 | NOTE | |
r-oldrel-macos-arm64 | 1.1.0 | 22.00 | NOTE | |||
r-oldrel-macos-x86_64 | 1.1.0 | 32.00 | NOTE | |||
r-oldrel-windows-x86_64 | 1.1.0 | 5.00 | 58.00 | 63.00 | NOTE |
Version: 1.1.0
Check: package dependencies
Result: NOTE
Package suggested but not available for checking: ‘gurobi’
Flavors: r-devel-linux-x86_64-debian-clang, r-devel-linux-x86_64-debian-gcc, r-devel-linux-x86_64-fedora-clang, r-devel-linux-x86_64-fedora-gcc, r-devel-windows-x86_64, r-patched-linux-x86_64, r-release-linux-x86_64, r-release-macos-arm64, r-release-windows-x86_64, r-oldrel-macos-arm64, r-oldrel-macos-x86_64, r-oldrel-windows-x86_64
Version: 1.1.0
Check: data for non-ASCII characters
Result: NOTE
Note: found 15 marked UTF-8 strings
Flavors: r-devel-linux-x86_64-fedora-clang, r-devel-linux-x86_64-fedora-gcc