Last updated on 2024-05-09 15:49:17 CEST.
Flavor | Version | Tinstall | Tcheck | Ttotal | Status | Flags |
---|---|---|---|---|---|---|
r-devel-linux-x86_64-debian-clang | 2.0.9 | 3.33 | 754.68 | 758.01 | NOTE | |
r-devel-linux-x86_64-debian-gcc | 2.0.9 | 1.90 | 508.22 | 510.12 | NOTE | |
r-devel-linux-x86_64-fedora-clang | 2.0.9 | 907.83 | NOTE | |||
r-devel-linux-x86_64-fedora-gcc | 2.0.9 | 851.47 | NOTE | |||
r-devel-windows-x86_64 | 2.0.9 | 5.00 | 368.00 | 373.00 | NOTE | |
r-patched-linux-x86_64 | 2.0.9 | 2.85 | 691.84 | 694.69 | NOTE | |
r-release-linux-x86_64 | 2.0.9 | 3.16 | 711.69 | 714.85 | NOTE | |
r-release-macos-arm64 | 2.0.9 | 153.00 | NOTE | |||
r-release-windows-x86_64 | 2.0.9 | 4.00 | 402.00 | 406.00 | NOTE | |
r-oldrel-macos-arm64 | 2.0.9 | 188.00 | OK | |||
r-oldrel-macos-x86_64 | 2.0.9 | 388.00 | OK | |||
r-oldrel-windows-x86_64 | 2.0.9 | 5.00 | 604.00 | 609.00 | OK |
Version: 2.0.9
Check: Rd files
Result: NOTE
checkRd: (-1) dtangle.Rd:60: Lost braces in \itemize; meant \describe ?
checkRd: (-1) dtangle.Rd:61: Lost braces in \itemize; meant \describe ?
checkRd: (-1) dtangle.Rd:62: Lost braces in \itemize; meant \describe ?
checkRd: (-1) dtangle.Rd:63: Lost braces in \itemize; meant \describe ?
checkRd: (-1) dtangle.Rd:75: Lost braces in \itemize; \value handles \item{}{} directly
checkRd: (-1) dtangle.Rd:76: Lost braces in \itemize; \value handles \item{}{} directly
checkRd: (-1) dtangle.Rd:77: Lost braces in \itemize; \value handles \item{}{} directly
checkRd: (-1) dtangle.Rd:78: Lost braces in \itemize; \value handles \item{}{} directly
checkRd: (-1) dtangle2.Rd:50: Lost braces in \itemize; meant \describe ?
checkRd: (-1) dtangle2.Rd:51: Lost braces in \itemize; meant \describe ?
checkRd: (-1) dtangle2.Rd:52: Lost braces in \itemize; meant \describe ?
checkRd: (-1) dtangle2.Rd:53: Lost braces in \itemize; meant \describe ?
checkRd: (-1) dtangle2.Rd:115: Lost braces in \itemize; \value handles \item{}{} directly
checkRd: (-1) dtangle2.Rd:116: Lost braces in \itemize; \value handles \item{}{} directly
checkRd: (-1) dtangle2.Rd:117: Lost braces in \itemize; \value handles \item{}{} directly
checkRd: (-1) dtangle2.Rd:118: Lost braces in \itemize; \value handles \item{}{} directly
checkRd: (-1) dtangle2.Rd:119-121: Lost braces in \itemize; \value handles \item{}{} directly
checkRd: (-1) find_markers.Rd:47: Lost braces in \itemize; meant \describe ?
checkRd: (-1) find_markers.Rd:48: Lost braces in \itemize; meant \describe ?
checkRd: (-1) find_markers.Rd:49: Lost braces in \itemize; meant \describe ?
checkRd: (-1) find_markers.Rd:50: Lost braces in \itemize; meant \describe ?
checkRd: (-1) process_markers.Rd:53: Lost braces in \itemize; meant \describe ?
checkRd: (-1) process_markers.Rd:54: Lost braces in \itemize; meant \describe ?
checkRd: (-1) process_markers.Rd:55: Lost braces in \itemize; meant \describe ?
checkRd: (-1) process_markers.Rd:56: Lost braces in \itemize; meant \describe ?
Flavors: r-devel-linux-x86_64-debian-clang, r-devel-linux-x86_64-debian-gcc, r-devel-linux-x86_64-fedora-clang, r-devel-linux-x86_64-fedora-gcc, r-devel-windows-x86_64, r-patched-linux-x86_64, r-release-linux-x86_64, r-release-macos-arm64, r-release-windows-x86_64