Last updated on 2024-05-13 03:49:29 CEST.
Flavor | Version | Tinstall | Tcheck | Ttotal | Status | Flags |
---|---|---|---|---|---|---|
r-devel-linux-x86_64-debian-clang | 1.1 | 8.81 | 59.78 | 68.59 | OK | |
r-devel-linux-x86_64-debian-gcc | 1.1 | 7.46 | 42.33 | 49.79 | OK | |
r-devel-linux-x86_64-fedora-clang | 1.1 | 83.27 | NOTE | |||
r-devel-linux-x86_64-fedora-gcc | 1.1 | 88.22 | NOTE | |||
r-devel-windows-x86_64 | 1.1 | 11.00 | 67.00 | 78.00 | OK | |
r-patched-linux-x86_64 | 1.1 | 9.34 | 58.12 | 67.46 | OK | |
r-release-linux-x86_64 | 1.1 | 6.23 | 54.70 | 60.93 | OK | |
r-release-macos-arm64 | 1.1 | 27.00 | OK | |||
r-release-windows-x86_64 | 1.1 | 12.00 | 68.00 | 80.00 | OK | |
r-oldrel-macos-arm64 | 1.1 | 24.00 | OK | |||
r-oldrel-macos-x86_64 | 1.1 | 55.00 | OK | |||
r-oldrel-windows-x86_64 | 1.1 | 11.00 | 73.00 | 84.00 | OK |
Version: 1.1
Check: dependencies in R code
Result: NOTE
Namespaces in Imports field not imported from:
‘GenEst’ ‘expint’ ‘numDeriv’
All declared Imports should be used.
Flavors: r-devel-linux-x86_64-fedora-clang, r-devel-linux-x86_64-fedora-gcc