Last updated on 2024-05-09 15:49:17 CEST.
Flavor | Version | Tinstall | Tcheck | Ttotal | Status | Flags |
---|---|---|---|---|---|---|
r-devel-linux-x86_64-debian-clang | 0.7.0 | 69.58 | 141.34 | 210.92 | OK | |
r-devel-linux-x86_64-debian-gcc | 0.7.0 | 56.01 | 104.20 | 160.21 | OK | |
r-devel-linux-x86_64-fedora-clang | 0.7.0 | 275.69 | OK | |||
r-devel-linux-x86_64-fedora-gcc | 0.7.0 | 341.99 | OK | |||
r-devel-windows-x86_64 | 0.7.0 | 58.00 | 130.00 | 188.00 | OK | |
r-patched-linux-x86_64 | 0.7.0 | 74.08 | 133.35 | 207.43 | OK | |
r-release-linux-x86_64 | 0.7.0 | 67.19 | 136.02 | 203.21 | OK | |
r-release-macos-arm64 | 0.7.0 | 65.00 | NOTE | |||
r-release-windows-x86_64 | 0.7.0 | 54.00 | 132.00 | 186.00 | OK | |
r-oldrel-macos-arm64 | 0.7.0 | 78.00 | NOTE | |||
r-oldrel-macos-x86_64 | 0.7.0 | 126.00 | NOTE | |||
r-oldrel-windows-x86_64 | 0.7.0 | 68.00 | 167.00 | 235.00 | OK |
Version: 0.7.0
Check: installed package size
Result: NOTE
installed size is 13.4Mb
sub-directories of 1Mb or more:
libs 13.3Mb
Flavors: r-release-macos-arm64, r-oldrel-macos-arm64, r-oldrel-macos-x86_64