Last updated on 2024-05-11 15:49:04 CEST.
Flavor | Version | Tinstall | Tcheck | Ttotal | Status | Flags |
---|---|---|---|---|---|---|
r-devel-linux-x86_64-debian-clang | 1.2.1 | 6.15 | 53.86 | 60.01 | NOTE | |
r-devel-linux-x86_64-debian-gcc | 1.2.1 | 3.60 | 39.11 | 42.71 | NOTE | |
r-devel-linux-x86_64-fedora-clang | 1.2.1 | 74.41 | NOTE | |||
r-devel-linux-x86_64-fedora-gcc | 1.2.1 | 86.19 | NOTE | |||
r-devel-windows-x86_64 | 1.2.1 | 5.00 | 57.00 | 62.00 | NOTE | |
r-patched-linux-x86_64 | 1.2.1 | 4.93 | 51.11 | 56.04 | NOTE | |
r-release-linux-x86_64 | 1.2.1 | 5.56 | 49.29 | 54.85 | NOTE | |
r-release-macos-arm64 | 1.2.1 | 30.00 | NOTE | |||
r-release-windows-x86_64 | 1.2.1 | 5.00 | 56.00 | 61.00 | NOTE | |
r-oldrel-macos-arm64 | 1.2.1 | 29.00 | NOTE | |||
r-oldrel-macos-x86_64 | 1.2.1 | 46.00 | NOTE | |||
r-oldrel-windows-x86_64 | 1.2.1 | 5.00 | 61.00 | 66.00 | NOTE |
Version: 1.2.1
Check: LazyData
Result: NOTE
'LazyData' is specified without a 'data' directory
Flavors: r-devel-linux-x86_64-debian-clang, r-devel-linux-x86_64-debian-gcc, r-devel-linux-x86_64-fedora-clang, r-devel-linux-x86_64-fedora-gcc, r-devel-windows-x86_64, r-patched-linux-x86_64, r-release-linux-x86_64, r-release-macos-arm64, r-release-windows-x86_64, r-oldrel-macos-arm64, r-oldrel-macos-x86_64, r-oldrel-windows-x86_64