Last updated on 2024-05-13 03:49:29 CEST.
Flavor | Version | Tinstall | Tcheck | Ttotal | Status | Flags |
---|---|---|---|---|---|---|
r-devel-linux-x86_64-debian-clang | 0.1.1 | 41.16 | 58.52 | 99.68 | NOTE | |
r-devel-linux-x86_64-debian-gcc | 0.1.1 | 35.21 | 43.23 | 78.44 | NOTE | |
r-devel-linux-x86_64-fedora-clang | 0.1.1 | 139.32 | NOTE | |||
r-devel-linux-x86_64-fedora-gcc | 0.1.1 | 184.89 | NOTE | |||
r-devel-windows-x86_64 | 0.1.1 | 36.00 | 85.00 | 121.00 | NOTE | |
r-patched-linux-x86_64 | 0.1.1 | 43.29 | 53.81 | 97.10 | NOTE | |
r-release-linux-x86_64 | 0.1.1 | 42.83 | 53.96 | 96.79 | NOTE | |
r-release-macos-arm64 | 0.1.1 | 39.00 | NOTE | |||
r-release-windows-x86_64 | 0.1.1 | 36.00 | 86.00 | 122.00 | NOTE | |
r-oldrel-macos-arm64 | 0.1.1 | 39.00 | NOTE | |||
r-oldrel-macos-x86_64 | 0.1.1 | 63.00 | NOTE | |||
r-oldrel-windows-x86_64 | 0.1.1 | 45.00 | 98.00 | 143.00 | NOTE |
Version: 0.1.1
Check: C++ specification
Result: NOTE
Specified C++11: please drop specification unless essential
Flavors: r-devel-linux-x86_64-debian-clang, r-devel-linux-x86_64-debian-gcc, r-devel-linux-x86_64-fedora-clang, r-devel-linux-x86_64-fedora-gcc, r-devel-windows-x86_64, r-patched-linux-x86_64, r-release-linux-x86_64, r-release-macos-arm64, r-release-windows-x86_64, r-oldrel-macos-arm64, r-oldrel-macos-x86_64, r-oldrel-windows-x86_64
Version: 0.1.1
Check: LazyData
Result: NOTE
'LazyData' is specified without a 'data' directory
Flavors: r-devel-linux-x86_64-debian-clang, r-devel-linux-x86_64-debian-gcc, r-devel-linux-x86_64-fedora-clang, r-devel-linux-x86_64-fedora-gcc, r-devel-windows-x86_64, r-patched-linux-x86_64, r-release-linux-x86_64, r-release-macos-arm64, r-release-windows-x86_64, r-oldrel-macos-arm64, r-oldrel-macos-x86_64, r-oldrel-windows-x86_64