Last updated on 2024-05-09 15:49:17 CEST.
Flavor | Version | Tinstall | Tcheck | Ttotal | Status | Flags |
---|---|---|---|---|---|---|
r-devel-linux-x86_64-debian-clang | 1.1.2 | 42.31 | 57.18 | 99.49 | NOTE | |
r-devel-linux-x86_64-debian-gcc | 1.1.2 | 32.43 | 42.38 | 74.81 | NOTE | |
r-devel-linux-x86_64-fedora-clang | 1.1.2 | 139.82 | NOTE | |||
r-devel-linux-x86_64-fedora-gcc | 1.1.2 | 186.04 | NOTE | |||
r-devel-windows-x86_64 | 1.1.2 | 35.00 | 84.00 | 119.00 | NOTE | |
r-patched-linux-x86_64 | 1.1.2 | 42.40 | 54.43 | 96.83 | NOTE | |
r-release-linux-x86_64 | 1.1.2 | 41.59 | 54.81 | 96.40 | NOTE | |
r-release-macos-arm64 | 1.1.2 | 36.00 | NOTE | |||
r-release-windows-x86_64 | 1.1.2 | 36.00 | 82.00 | 118.00 | NOTE | |
r-oldrel-macos-arm64 | 1.1.2 | 38.00 | NOTE | |||
r-oldrel-macos-x86_64 | 1.1.2 | 58.00 | NOTE | |||
r-oldrel-windows-x86_64 | 1.1.2 | 43.00 | 97.00 | 140.00 | NOTE |
Version: 1.1.2
Check: C++ specification
Result: NOTE
Specified C++11: please drop specification unless essential
Flavors: r-devel-linux-x86_64-debian-clang, r-devel-linux-x86_64-debian-gcc, r-devel-linux-x86_64-fedora-clang, r-devel-linux-x86_64-fedora-gcc, r-devel-windows-x86_64, r-patched-linux-x86_64, r-release-linux-x86_64, r-release-macos-arm64, r-release-windows-x86_64, r-oldrel-macos-arm64, r-oldrel-macos-x86_64, r-oldrel-windows-x86_64