Last updated on 2024-05-11 03:51:51 CEST.
Flavor | Version | Tinstall | Tcheck | Ttotal | Status | Flags |
---|---|---|---|---|---|---|
r-devel-linux-x86_64-debian-clang | 2.5.8 | 26.96 | 146.78 | 173.74 | NOTE | |
r-devel-linux-x86_64-debian-gcc | 2.5.8 | 23.69 | 109.08 | 132.77 | NOTE | |
r-devel-linux-x86_64-fedora-clang | 2.5.8 | 226.24 | OK | |||
r-devel-linux-x86_64-fedora-gcc | 2.5.8 | 277.20 | OK | |||
r-devel-windows-x86_64 | 2.5.8 | 33.00 | 127.00 | 160.00 | OK | |
r-patched-linux-x86_64 | 2.5.8 | 27.91 | 144.15 | 172.06 | NOTE | |
r-release-linux-x86_64 | 2.5.8 | 24.23 | 143.85 | 168.08 | NOTE | |
r-release-macos-arm64 | 2.5.8 | 60.00 | NOTE | |||
r-release-windows-x86_64 | 2.5.8 | 32.00 | 124.00 | 156.00 | OK | |
r-oldrel-macos-arm64 | 2.5.8 | 77.00 | NOTE | |||
r-oldrel-macos-x86_64 | 2.5.8 | 137.00 | NOTE | |||
r-oldrel-windows-x86_64 | 2.5.8 | 41.00 | 161.00 | 202.00 | NOTE |
Version: 2.5.8
Check: package dependencies
Result: NOTE
Package suggested but not available for checking: ‘INLA’
Flavors: r-devel-linux-x86_64-debian-clang, r-devel-linux-x86_64-debian-gcc, r-patched-linux-x86_64, r-release-linux-x86_64, r-release-macos-arm64, r-oldrel-macos-arm64, r-oldrel-macos-x86_64, r-oldrel-windows-x86_64