Last updated on 2024-05-11 03:51:51 CEST.
Flavor | Version | Tinstall | Tcheck | Ttotal | Status | Flags |
---|---|---|---|---|---|---|
r-devel-linux-x86_64-debian-clang | 0.3.0 | 12.15 | 60.66 | 72.81 | OK | |
r-devel-linux-x86_64-debian-gcc | 0.3.0 | 11.88 | 45.09 | 56.97 | OK | |
r-devel-linux-x86_64-fedora-clang | 0.3.0 | 99.96 | NOTE | |||
r-devel-linux-x86_64-fedora-gcc | 0.3.0 | 112.50 | NOTE | |||
r-devel-windows-x86_64 | 0.3.0 | 14.00 | 79.00 | 93.00 | OK | |
r-patched-linux-x86_64 | 0.3.0 | 10.24 | 57.92 | 68.16 | OK | |
r-release-linux-x86_64 | 0.3.0 | 10.42 | 56.64 | 67.06 | OK | |
r-release-macos-arm64 | 0.3.0 | 35.00 | OK | |||
r-release-macos-x86_64 | 0.3.0 | 85.00 | OK | |||
r-release-windows-x86_64 | 0.3.0 | 13.00 | 73.00 | 86.00 | OK | |
r-oldrel-macos-arm64 | 0.3.0 | 42.00 | OK | |||
r-oldrel-macos-x86_64 | 0.3.0 | 78.00 | OK | |||
r-oldrel-windows-x86_64 | 0.3.0 | 16.00 | 77.00 | 93.00 | OK |
Version: 0.3.0
Check: data for non-ASCII characters
Result: NOTE
Note: found 1430 marked UTF-8 strings
Flavors: r-devel-linux-x86_64-fedora-clang, r-devel-linux-x86_64-fedora-gcc