Last updated on 2024-05-11 03:51:51 CEST.
Flavor | Version | Tinstall | Tcheck | Ttotal | Status | Flags |
---|---|---|---|---|---|---|
r-devel-linux-x86_64-debian-clang | 0.0-4 | 39.05 | 33.33 | 72.38 | OK | |
r-devel-linux-x86_64-debian-gcc | 0.0-4 | 26.59 | 25.25 | 51.84 | OK | |
r-devel-linux-x86_64-fedora-clang | 0.0-4 | 87.10 | NOTE | |||
r-devel-linux-x86_64-fedora-gcc | 0.0-4 | 135.30 | OK | |||
r-devel-windows-x86_64 | 0.0-4 | 27.00 | 77.00 | 104.00 | OK | |
r-patched-linux-x86_64 | 0.0-4 | 33.03 | 31.65 | 64.68 | OK | |
r-release-linux-x86_64 | 0.0-4 | 31.51 | 30.89 | 62.40 | OK | |
r-release-macos-arm64 | 0.0-4 | 28.00 | OK | |||
r-release-windows-x86_64 | 0.0-4 | 27.00 | 74.00 | 101.00 | OK | |
r-oldrel-macos-arm64 | 0.0-4 | 32.00 | OK | |||
r-oldrel-macos-x86_64 | 0.0-4 | 46.00 | OK | |||
r-oldrel-windows-x86_64 | 0.0-4 | 35.00 | 79.00 | 114.00 | OK |
Version: 0.0-4
Check: Rd cross-references
Result: NOTE
Undeclared packages ‘ICSNP’, ‘ICS’ in Rd xrefs
Flavor: r-devel-linux-x86_64-fedora-clang