Last updated on 2024-05-13 03:49:30 CEST.
Flavor | Version | Tinstall | Tcheck | Ttotal | Status | Flags |
---|---|---|---|---|---|---|
r-devel-linux-x86_64-debian-clang | 1.0.4 | 80.89 | 85.62 | 166.51 | OK | |
r-devel-linux-x86_64-debian-gcc | 1.0.4 | 60.58 | 63.08 | 123.66 | OK | |
r-devel-linux-x86_64-fedora-clang | 1.0.4 | 234.45 | OK | |||
r-devel-linux-x86_64-fedora-gcc | 1.0.4 | 283.22 | OK | |||
r-devel-windows-x86_64 | 1.0.4 | 66.00 | 137.00 | 203.00 | OK | |
r-patched-linux-x86_64 | 1.0.4 | 77.07 | 79.16 | 156.23 | OK | |
r-release-linux-x86_64 | 1.0.4 | 77.69 | 78.64 | 156.33 | OK | |
r-release-macos-arm64 | 1.0.4 | 56.00 | NOTE | |||
r-release-macos-x86_64 | 1.0.4 | 126.00 | NOTE | |||
r-release-windows-x86_64 | 1.0.4 | 68.00 | 138.00 | 206.00 | OK | |
r-oldrel-macos-arm64 | 1.0.4 | 79.00 | NOTE | |||
r-oldrel-macos-x86_64 | 1.0.4 | 100.00 | NOTE | |||
r-oldrel-windows-x86_64 | 1.0.4 | 77.00 | 149.00 | 226.00 | OK |
Version: 1.0.4
Check: installed package size
Result: NOTE
installed size is 6.7Mb
sub-directories of 1Mb or more:
doc 1.7Mb
libs 3.9Mb
Flavors: r-release-macos-arm64, r-release-macos-x86_64, r-oldrel-macos-arm64, r-oldrel-macos-x86_64