Last updated on 2024-05-09 15:49:18 CEST.
Flavor | Version | Tinstall | Tcheck | Ttotal | Status | Flags |
---|---|---|---|---|---|---|
r-devel-linux-x86_64-debian-clang | 0.14.3 | 158.72 | 578.71 | 737.43 | OK | |
r-devel-linux-x86_64-debian-gcc | 0.14.3 | 136.36 | 404.04 | 540.40 | OK | |
r-devel-linux-x86_64-fedora-clang | 0.14.3 | 883.02 | NOTE | |||
r-devel-linux-x86_64-fedora-gcc | 0.14.3 | 1019.51 | OK | |||
r-devel-windows-x86_64 | 0.14.3 | 133.00 | 374.00 | 507.00 | NOTE | |
r-patched-linux-x86_64 | 0.14.3 | 131.89 | 531.98 | 663.87 | OK | |
r-release-linux-x86_64 | 0.14.3 | 145.18 | 524.29 | 669.47 | OK | |
r-release-macos-arm64 | 0.14.3 | 224.00 | NOTE | |||
r-release-macos-x86_64 | 0.14.3 | 430.00 | NOTE | |||
r-release-windows-x86_64 | 0.14.3 | 137.00 | 375.00 | 512.00 | NOTE | |
r-oldrel-macos-arm64 | 0.14.3 | 224.00 | NOTE | |||
r-oldrel-macos-x86_64 | 0.14.3 | 371.00 | NOTE | |||
r-oldrel-windows-x86_64 | 0.14.3 | 164.00 | 452.00 | 616.00 | NOTE |
Version: 0.14.3
Check: installed package size
Result: NOTE
installed size is 13.7Mb
sub-directories of 1Mb or more:
doc 9.2Mb
help 1.8Mb
libs 1.4Mb
Flavors: r-devel-linux-x86_64-fedora-clang, r-devel-windows-x86_64, r-release-macos-arm64, r-release-macos-x86_64, r-release-windows-x86_64, r-oldrel-macos-arm64, r-oldrel-macos-x86_64, r-oldrel-windows-x86_64