Last updated on 2024-05-13 03:49:30 CEST.
Flavor | Version | Tinstall | Tcheck | Ttotal | Status | Flags |
---|---|---|---|---|---|---|
r-devel-linux-x86_64-debian-clang | 2.2 | 28.66 | 393.98 | 422.64 | OK | |
r-devel-linux-x86_64-debian-gcc | 2.2 | 21.34 | 293.51 | 314.85 | OK | |
r-devel-linux-x86_64-fedora-clang | 2.2 | 559.90 | OK | |||
r-devel-linux-x86_64-fedora-gcc | 2.2 | 532.90 | OK | |||
r-devel-windows-x86_64 | 2.2 | 23.00 | 254.00 | 277.00 | OK | |
r-patched-linux-x86_64 | 2.2 | 38.49 | 372.84 | 411.33 | OK | |
r-release-linux-x86_64 | 2.2 | 0.49 | 2.16 | 2.65 | ERROR | |
r-release-macos-arm64 | 2.2 | 127.00 | OK | |||
r-release-macos-x86_64 | 2.2 | 368.00 | OK | |||
r-release-windows-x86_64 | 2.2 | 21.00 | 254.00 | 275.00 | OK | |
r-oldrel-macos-arm64 | 2.2 | 145.00 | OK | |||
r-oldrel-macos-x86_64 | 2.2 | 254.00 | OK | |||
r-oldrel-windows-x86_64 | 2.2 | 23.00 | 326.00 | 349.00 | OK |
Version: 2.2
Check: package dependencies
Result: ERROR
Package required but not available: ‘rstanarm’
See section ‘The DESCRIPTION file’ in the ‘Writing R Extensions’
manual.
Flavor: r-release-linux-x86_64