Last updated on 2024-05-11 03:51:52 CEST.
Flavor | Version | Tinstall | Tcheck | Ttotal | Status | Flags |
---|---|---|---|---|---|---|
r-devel-linux-x86_64-debian-clang | 1.0.6 | 65.01 | 490.97 | 555.98 | OK | |
r-devel-linux-x86_64-debian-gcc | 1.0.6 | 48.85 | 355.33 | 404.18 | OK | |
r-devel-linux-x86_64-fedora-clang | 1.0.6 | 690.97 | NOTE | |||
r-devel-linux-x86_64-fedora-gcc | 1.0.6 | 823.24 | OK | |||
r-devel-windows-x86_64 | 1.0.6 | 39.00 | 287.00 | 326.00 | NOTE | |
r-patched-linux-x86_64 | 1.0.6 | 39.53 | 476.16 | 515.69 | OK | |
r-release-linux-x86_64 | 1.0.6 | 45.15 | 461.83 | 506.98 | OK | |
r-release-macos-arm64 | 1.0.6 | 145.00 | NOTE | |||
r-release-macos-x86_64 | 1.0.6 | 400.00 | NOTE | |||
r-release-windows-x86_64 | 1.0.6 | 40.00 | 289.00 | 329.00 | NOTE | |
r-oldrel-macos-arm64 | 1.0.6 | 148.00 | NOTE | |||
r-oldrel-macos-x86_64 | 1.0.6 | 412.00 | NOTE | |||
r-oldrel-windows-x86_64 | 1.0.6 | 55.00 | 372.00 | 427.00 | NOTE |
Version: 1.0.6
Check: package dependencies
Result: NOTE
Imports includes 25 non-default packages.
Importing from so many packages makes the package vulnerable to any of
them becoming unavailable. Move as many as possible to Suggests and
use conditionally.
Flavor: r-devel-linux-x86_64-fedora-clang
Version: 1.0.6
Check: installed package size
Result: NOTE
installed size is 5.8Mb
sub-directories of 1Mb or more:
doc 4.0Mb
Flavors: r-devel-linux-x86_64-fedora-clang, r-devel-windows-x86_64, r-release-macos-arm64, r-release-macos-x86_64, r-release-windows-x86_64, r-oldrel-macos-arm64, r-oldrel-macos-x86_64, r-oldrel-windows-x86_64