Last updated on 2024-05-13 03:49:31 CEST.
Flavor | Version | Tinstall | Tcheck | Ttotal | Status | Flags |
---|---|---|---|---|---|---|
r-devel-linux-x86_64-debian-clang | 0.8-5 | 4.45 | 34.80 | 39.25 | NOTE | |
r-devel-linux-x86_64-debian-gcc | 0.8-5 | 2.99 | 25.95 | 28.94 | NOTE | |
r-devel-linux-x86_64-fedora-clang | 0.8-5 | 51.18 | NOTE | |||
r-devel-linux-x86_64-fedora-gcc | 0.8-5 | 56.02 | NOTE | |||
r-devel-windows-x86_64 | 0.8-5 | 4.00 | 54.00 | 58.00 | NOTE | |
r-patched-linux-x86_64 | 0.8-5 | 3.92 | 32.72 | 36.64 | NOTE | |
r-release-linux-x86_64 | 0.8-5 | 3.18 | 33.25 | 36.43 | NOTE | |
r-release-macos-arm64 | 0.8-5 | 20.00 | NOTE | |||
r-release-windows-x86_64 | 0.8-5 | 4.00 | 53.00 | 57.00 | NOTE | |
r-oldrel-macos-arm64 | 0.8-5 | 20.00 | NOTE | |||
r-oldrel-macos-x86_64 | 0.8-5 | 27.00 | NOTE | |||
r-oldrel-windows-x86_64 | 0.8-5 | 5.00 | 53.00 | 58.00 | NOTE |
Version: 0.8-5
Check: package dependencies
Result: NOTE
Package suggested but not available for checking: ‘RandomFields’
Flavors: r-devel-linux-x86_64-debian-clang, r-devel-linux-x86_64-debian-gcc, r-devel-linux-x86_64-fedora-clang, r-devel-linux-x86_64-fedora-gcc, r-devel-windows-x86_64, r-patched-linux-x86_64, r-release-linux-x86_64, r-release-macos-arm64, r-release-windows-x86_64, r-oldrel-macos-arm64, r-oldrel-macos-x86_64, r-oldrel-windows-x86_64