Last updated on 2024-05-13 03:49:33 CEST.
Flavor | Version | Tinstall | Tcheck | Ttotal | Status | Flags |
---|---|---|---|---|---|---|
r-devel-linux-x86_64-debian-clang | 2.0.1 | 325.18 | 151.02 | 476.20 | OK | |
r-devel-linux-x86_64-debian-gcc | 2.0.1 | 253.73 | 110.83 | 364.56 | OK | |
r-devel-linux-x86_64-fedora-clang | 2.0.1 | 679.37 | OK | |||
r-devel-linux-x86_64-fedora-gcc | 2.0.1 | 764.17 | OK | |||
r-devel-windows-x86_64 | 2.0.1 | 241.00 | 194.00 | 435.00 | OK | |
r-patched-linux-x86_64 | 2.0.1 | 320.22 | 142.01 | 462.23 | OK | |
r-release-linux-x86_64 | 2.0.1 | 315.68 | 140.80 | 456.48 | OK | |
r-release-macos-arm64 | 2.0.1 | 129.00 | NOTE | |||
r-release-windows-x86_64 | 2.0.1 | 239.00 | 196.00 | 435.00 | OK | |
r-oldrel-macos-arm64 | 2.0.1 | 130.00 | NOTE | |||
r-oldrel-macos-x86_64 | 2.0.1 | 217.00 | NOTE | |||
r-oldrel-windows-x86_64 | 2.0.1 | 292.00 | 234.00 | 526.00 | OK |
Version: 2.0.1
Check: installed package size
Result: NOTE
installed size is 11.8Mb
sub-directories of 1Mb or more:
data 1.3Mb
libs 9.3Mb
Flavors: r-release-macos-arm64, r-oldrel-macos-arm64, r-oldrel-macos-x86_64