Last updated on 2024-05-13 03:49:32 CEST.
Flavor | Version | Tinstall | Tcheck | Ttotal | Status | Flags |
---|---|---|---|---|---|---|
r-devel-linux-x86_64-debian-clang | 1.6 | 921.08 | 125.31 | 1046.39 | OK | |
r-devel-linux-x86_64-debian-gcc | 1.6 | 731.15 | 129.12 | 860.27 | OK | |
r-devel-linux-x86_64-fedora-clang | 1.6 | 1465.43 | NOTE | |||
r-devel-linux-x86_64-fedora-gcc | 1.6 | 1774.15 | OK | |||
r-devel-windows-x86_64 | 1.6 | 651.00 | 195.00 | 846.00 | NOTE | |
r-patched-linux-x86_64 | 1.6 | 919.83 | 165.45 | 1085.28 | OK | |
r-release-linux-x86_64 | 1.6 | 939.41 | 161.15 | 1100.56 | OK | |
r-release-macos-arm64 | 1.6 | 244.00 | NOTE | |||
r-release-windows-x86_64 | 1.6 | 646.00 | 185.00 | 831.00 | NOTE | |
r-oldrel-macos-arm64 | 1.6 | 279.00 | NOTE | |||
r-oldrel-macos-x86_64 | 1.6 | 318.00 | NOTE | |||
r-oldrel-windows-x86_64 | 1.6 | 784.00 | 222.00 | 1006.00 | NOTE |
Version: 1.6
Check: installed package size
Result: NOTE
installed size is 5.5Mb
sub-directories of 1Mb or more:
extdata 1.6Mb
libs 1.9Mb
Flavors: r-devel-linux-x86_64-fedora-clang, r-devel-windows-x86_64, r-release-macos-arm64, r-release-windows-x86_64, r-oldrel-macos-arm64, r-oldrel-macos-x86_64, r-oldrel-windows-x86_64