Last updated on 2024-05-13 03:49:32 CEST.
Flavor | Version | Tinstall | Tcheck | Ttotal | Status | Flags |
---|---|---|---|---|---|---|
r-devel-linux-x86_64-debian-clang | 1.1.8 | 53.77 | 53.36 | 107.13 | OK | |
r-devel-linux-x86_64-debian-gcc | 1.1.8 | 41.92 | 39.77 | 81.69 | OK | |
r-devel-linux-x86_64-fedora-clang | 1.1.8 | 157.08 | NOTE | |||
r-devel-linux-x86_64-fedora-gcc | 1.1.8 | 198.68 | OK | |||
r-devel-windows-x86_64 | 1.1.8 | 46.00 | 86.00 | 132.00 | OK | |
r-patched-linux-x86_64 | 1.1.8 | 61.94 | 50.60 | 112.54 | OK | |
r-release-linux-x86_64 | 1.1.8 | 54.95 | 51.61 | 106.56 | OK | |
r-release-macos-arm64 | 1.1.8 | 36.00 | OK | |||
r-release-windows-x86_64 | 1.1.8 | 45.00 | 87.00 | 132.00 | OK | |
r-oldrel-macos-arm64 | 1.1.8 | 37.00 | OK | |||
r-oldrel-macos-x86_64 | 1.1.8 | 65.00 | OK | |||
r-oldrel-windows-x86_64 | 1.1.8 | 54.00 | 100.00 | 154.00 | OK |
Version: 1.1.8
Check: Rd cross-references
Result: NOTE
Undeclared package ‘gcmr’ in Rd xrefs
Flavor: r-devel-linux-x86_64-fedora-clang