Last updated on 2024-05-11 15:49:06 CEST.
Flavor | Version | Tinstall | Tcheck | Ttotal | Status | Flags |
---|---|---|---|---|---|---|
r-devel-linux-x86_64-debian-clang | 1.0.5 | 73.91 | 31.78 | 105.69 | NOTE | |
r-devel-linux-x86_64-debian-gcc | 1.0.5 | 55.80 | 25.60 | 81.40 | NOTE | |
r-devel-linux-x86_64-fedora-clang | 1.0.5 | 183.60 | NOTE | |||
r-devel-linux-x86_64-fedora-gcc | 1.0.5 | 211.83 | NOTE | |||
r-devel-windows-x86_64 | 1.0.5 | 62.00 | 69.00 | 131.00 | NOTE | |
r-patched-linux-x86_64 | 1.0.5 | 76.25 | 30.68 | 106.93 | NOTE | |
r-release-linux-x86_64 | 1.0.5 | 76.31 | 30.85 | 107.16 | NOTE | |
r-release-macos-arm64 | 1.0.5 | 36.00 | NOTE | |||
r-release-windows-x86_64 | 1.0.5 | 60.00 | 72.00 | 132.00 | NOTE | |
r-oldrel-macos-arm64 | 1.0.5 | 44.00 | NOTE | |||
r-oldrel-macos-x86_64 | 1.0.5 | 67.00 | NOTE | |||
r-oldrel-windows-x86_64 | 1.0.5 | 74.00 | 79.00 | 153.00 | NOTE |
Version: 1.0.5
Check: C++ specification
Result: NOTE
Specified C++11: please drop specification unless essential
Flavors: r-devel-linux-x86_64-debian-clang, r-devel-linux-x86_64-debian-gcc, r-devel-linux-x86_64-fedora-clang, r-devel-linux-x86_64-fedora-gcc, r-devel-windows-x86_64, r-patched-linux-x86_64, r-release-linux-x86_64, r-release-macos-arm64, r-release-windows-x86_64, r-oldrel-macos-arm64, r-oldrel-macos-x86_64, r-oldrel-windows-x86_64