Last updated on 2024-05-13 03:49:32 CEST.
Flavor | Version | Tinstall | Tcheck | Ttotal | Status | Flags |
---|---|---|---|---|---|---|
r-devel-linux-x86_64-debian-clang | 0.1.0 | 34.98 | 37.82 | 72.80 | NOTE | |
r-devel-linux-x86_64-debian-gcc | 0.1.0 | 23.98 | 27.85 | 51.83 | NOTE | |
r-devel-linux-x86_64-fedora-clang | 0.1.0 | 101.48 | NOTE | |||
r-devel-linux-x86_64-fedora-gcc | 0.1.0 | 135.32 | NOTE | |||
r-devel-windows-x86_64 | 0.1.0 | 26.00 | 76.00 | 102.00 | NOTE | |
r-patched-linux-x86_64 | 0.1.0 | 33.70 | 34.36 | 68.06 | NOTE | |
r-release-linux-x86_64 | 0.1.0 | 34.56 | 36.12 | 70.68 | NOTE | |
r-release-macos-arm64 | 0.1.0 | 25.00 | NOTE | |||
r-release-windows-x86_64 | 0.1.0 | 26.00 | 79.00 | 105.00 | NOTE | |
r-oldrel-macos-arm64 | 0.1.0 | 28.00 | NOTE | |||
r-oldrel-macos-x86_64 | 0.1.0 | 43.00 | NOTE | |||
r-oldrel-windows-x86_64 | 0.1.0 | 32.00 | 99.00 | 131.00 | NOTE |
Version: 0.1.0
Check: C++ specification
Result: NOTE
Specified C++11: please drop specification unless essential
Flavors: r-devel-linux-x86_64-debian-clang, r-devel-linux-x86_64-debian-gcc, r-devel-linux-x86_64-fedora-clang, r-devel-linux-x86_64-fedora-gcc, r-devel-windows-x86_64, r-patched-linux-x86_64, r-release-linux-x86_64, r-release-macos-arm64, r-release-windows-x86_64, r-oldrel-macos-arm64, r-oldrel-macos-x86_64, r-oldrel-windows-x86_64