Last updated on 2024-05-11 03:51:53 CEST.
Flavor | Version | Tinstall | Tcheck | Ttotal | Status | Flags |
---|---|---|---|---|---|---|
r-devel-linux-x86_64-debian-clang | 0.8-0 | 286.13 | 483.53 | 769.66 | OK | |
r-devel-linux-x86_64-debian-gcc | 0.8-0 | 216.64 | 343.20 | 559.84 | OK | |
r-devel-linux-x86_64-fedora-clang | 0.8-0 | 1008.91 | NOTE | |||
r-devel-linux-x86_64-fedora-gcc | 0.8-0 | 977.56 | OK | |||
r-devel-windows-x86_64 | 0.8-0 | 235.00 | 480.00 | 715.00 | NOTE | |
r-patched-linux-x86_64 | 0.8-0 | 223.97 | 455.78 | 679.75 | OK | |
r-release-linux-x86_64 | 0.8-0 | 191.49 | 454.79 | 646.28 | OK | |
r-release-macos-arm64 | 0.8-0 | 285.00 | NOTE | |||
r-release-macos-x86_64 | 0.8-0 | 783.00 | NOTE | |||
r-release-windows-x86_64 | 0.8-0 | 229.00 | 465.00 | 694.00 | NOTE | |
r-oldrel-macos-arm64 | 0.8-0 | 298.00 | NOTE | |||
r-oldrel-macos-x86_64 | 0.8-0 | 613.00 | NOTE | |||
r-oldrel-windows-x86_64 | 0.8-0 | 295.00 | 577.00 | 872.00 | NOTE |
Version: 0.8-0
Check: installed package size
Result: NOTE
installed size is 14.8Mb
sub-directories of 1Mb or more:
R 9.6Mb
extdata 2.6Mb
help 2.6Mb
Flavors: r-devel-linux-x86_64-fedora-clang, r-devel-windows-x86_64, r-release-macos-arm64, r-release-macos-x86_64, r-release-windows-x86_64, r-oldrel-macos-arm64, r-oldrel-macos-x86_64, r-oldrel-windows-x86_64