Last updated on 2024-05-13 03:49:32 CEST.
Flavor | Version | Tinstall | Tcheck | Ttotal | Status | Flags |
---|---|---|---|---|---|---|
r-devel-linux-x86_64-debian-clang | 0.3.1 | 8.04 | 64.30 | 72.34 | NOTE | |
r-devel-linux-x86_64-debian-gcc | 0.3.1 | 5.76 | 48.13 | 53.89 | NOTE | |
r-devel-linux-x86_64-fedora-clang | 0.3.1 | 93.33 | NOTE | |||
r-devel-linux-x86_64-fedora-gcc | 0.3.1 | 192.63 | NOTE | |||
r-devel-windows-x86_64 | 0.3.1 | 8.00 | 64.00 | 72.00 | NOTE | |
r-patched-linux-x86_64 | 0.3.1 | 5.64 | 61.93 | 67.57 | NOTE | |
r-release-linux-x86_64 | 0.3.1 | 4.80 | 62.45 | 67.25 | NOTE | |
r-release-macos-arm64 | 0.3.1 | 34.00 | NOTE | |||
r-release-windows-x86_64 | 0.3.1 | 10.00 | 64.00 | 74.00 | NOTE | |
r-oldrel-macos-arm64 | 0.3.1 | 31.00 | NOTE | |||
r-oldrel-macos-x86_64 | 0.3.1 | 45.00 | NOTE | |||
r-oldrel-windows-x86_64 | 0.3.1 | 9.00 | 76.00 | 85.00 | NOTE |
Version: 0.3.1
Check: LazyData
Result: NOTE
'LazyData' is specified without a 'data' directory
Flavors: r-devel-linux-x86_64-debian-clang, r-devel-linux-x86_64-debian-gcc, r-devel-linux-x86_64-fedora-clang, r-devel-linux-x86_64-fedora-gcc, r-devel-windows-x86_64, r-patched-linux-x86_64, r-release-linux-x86_64, r-release-macos-arm64, r-release-windows-x86_64, r-oldrel-macos-arm64, r-oldrel-macos-x86_64, r-oldrel-windows-x86_64
Version: 0.3.1
Check: dependencies in R code
Result: NOTE
Namespace in Imports field not imported from: ‘dbplyr’
All declared Imports should be used.
Flavors: r-devel-linux-x86_64-fedora-clang, r-devel-linux-x86_64-fedora-gcc