Last updated on 2024-05-11 03:51:54 CEST.
Flavor | Version | Tinstall | Tcheck | Ttotal | Status | Flags |
---|---|---|---|---|---|---|
r-devel-linux-x86_64-debian-clang | 2.2.1 | 56.00 | 272.57 | 328.57 | NOTE | |
r-devel-linux-x86_64-debian-gcc | 2.2.1 | 45.74 | 202.10 | 247.84 | NOTE | |
r-devel-linux-x86_64-fedora-clang | 2.2.1 | 435.47 | NOTE | |||
r-devel-linux-x86_64-fedora-gcc | 2.2.1 | 484.07 | NOTE | |||
r-devel-windows-x86_64 | 2.2.1 | 50.00 | 394.00 | 444.00 | NOTE | |
r-patched-linux-x86_64 | 2.2.1 | 48.37 | 265.00 | 313.37 | OK | |
r-release-linux-x86_64 | 2.2.1 | 40.54 | 258.19 | 298.73 | OK | |
r-release-macos-arm64 | 2.2.1 | 109.00 | NOTE | |||
r-release-macos-x86_64 | 2.2.1 | 307.00 | NOTE | |||
r-release-windows-x86_64 | 2.2.1 | 49.00 | 365.00 | 414.00 | NOTE | |
r-oldrel-macos-arm64 | 2.2.1 | 119.00 | NOTE | |||
r-oldrel-macos-x86_64 | 2.2.1 | 308.00 | NOTE | |||
r-oldrel-windows-x86_64 | 2.2.1 | 62.00 | 437.00 | 499.00 | NOTE |
Version: 2.2.1
Check: compiled code
Result: NOTE
File ‘ggraph/libs/ggraph.so’:
Found non-API calls to R: ‘SETLENGTH’, ‘SET_TRUELENGTH’
Compiled code should not call non-API entry points in R.
See ‘Writing portable packages’ in the ‘Writing R Extensions’ manual.
Flavors: r-devel-linux-x86_64-debian-clang, r-devel-linux-x86_64-debian-gcc, r-devel-linux-x86_64-fedora-clang, r-devel-linux-x86_64-fedora-gcc
Version: 2.2.1
Check: installed package size
Result: NOTE
installed size is 5.8Mb
sub-directories of 1Mb or more:
doc 3.9Mb
Flavors: r-devel-linux-x86_64-fedora-clang, r-devel-windows-x86_64, r-release-macos-arm64, r-release-macos-x86_64, r-release-windows-x86_64, r-oldrel-macos-arm64, r-oldrel-macos-x86_64, r-oldrel-windows-x86_64
Version: 2.2.1
Check: compiled code
Result: NOTE
File 'ggraph/libs/x64/ggraph.dll':
Found non-API calls to R: 'SETLENGTH', 'SET_TRUELENGTH'
Compiled code should not call non-API entry points in R.
See 'Writing portable packages' in the 'Writing R Extensions' manual.
Flavor: r-devel-windows-x86_64