Last updated on 2024-05-11 15:49:07 CEST.
Flavor | Version | Tinstall | Tcheck | Ttotal | Status | Flags |
---|---|---|---|---|---|---|
r-devel-linux-x86_64-debian-clang | 1.0.4 | 24.12 | 31.72 | 55.84 | NOTE | |
r-devel-linux-x86_64-debian-gcc | 1.0.4 | 17.95 | 24.30 | 42.25 | NOTE | |
r-devel-linux-x86_64-fedora-clang | 1.0.4 | 75.44 | NOTE | |||
r-devel-linux-x86_64-fedora-gcc | 1.0.4 | 121.50 | NOTE | |||
r-devel-windows-x86_64 | 1.0.4 | 21.00 | 67.00 | 88.00 | NOTE | |
r-patched-linux-x86_64 | 1.0.4 | 21.87 | 31.27 | 53.14 | NOTE | |
r-release-linux-x86_64 | 1.0.4 | 27.00 | 29.64 | 56.64 | NOTE | |
r-release-macos-arm64 | 1.0.4 | 23.00 | NOTE | |||
r-release-windows-x86_64 | 1.0.4 | 21.00 | 65.00 | 86.00 | NOTE | |
r-oldrel-macos-arm64 | 1.0.4 | 25.00 | NOTE | |||
r-oldrel-macos-x86_64 | 1.0.4 | 38.00 | NOTE | |||
r-oldrel-windows-x86_64 | 1.0.4 | 22.00 | 69.00 | 91.00 | NOTE |
Version: 1.0.4
Check: LazyData
Result: NOTE
'LazyData' is specified without a 'data' directory
Flavors: r-devel-linux-x86_64-debian-clang, r-devel-linux-x86_64-debian-gcc, r-devel-linux-x86_64-fedora-clang, r-devel-linux-x86_64-fedora-gcc, r-devel-windows-x86_64, r-patched-linux-x86_64, r-release-linux-x86_64, r-release-macos-arm64, r-release-windows-x86_64, r-oldrel-macos-arm64, r-oldrel-macos-x86_64, r-oldrel-windows-x86_64