Last updated on 2024-05-13 03:49:32 CEST.
Flavor | Version | Tinstall | Tcheck | Ttotal | Status | Flags |
---|---|---|---|---|---|---|
r-devel-linux-x86_64-debian-clang | 1.6.3 | 72.75 | 176.59 | 249.34 | OK | |
r-devel-linux-x86_64-debian-gcc | 1.6.3 | 72.62 | 125.79 | 198.41 | OK | |
r-devel-linux-x86_64-fedora-clang | 1.6.3 | 337.28 | NOTE | |||
r-devel-linux-x86_64-fedora-gcc | 1.6.3 | 382.16 | OK | |||
r-devel-windows-x86_64 | 1.6.3 | 64.00 | 134.00 | 198.00 | OK | |
r-patched-linux-x86_64 | 1.6.3 | 83.45 | 168.38 | 251.83 | OK | |
r-release-linux-x86_64 | 1.6.3 | 83.16 | 168.41 | 251.57 | OK | |
r-release-macos-arm64 | 1.6.3 | 73.00 | NOTE | |||
r-release-windows-x86_64 | 1.6.3 | 66.00 | 133.00 | 199.00 | OK | |
r-oldrel-macos-arm64 | 1.6.3 | 73.00 | NOTE | |||
r-oldrel-macos-x86_64 | 1.6.3 | 179.00 | NOTE | |||
r-oldrel-windows-x86_64 | 1.6.3 | 85.00 | 169.00 | 254.00 | OK |
Version: 1.6.3
Check: Rd cross-references
Result: NOTE
Undeclared package ‘GMMBoost’ in Rd xrefs
Flavor: r-devel-linux-x86_64-fedora-clang
Version: 1.6.3
Check: installed package size
Result: NOTE
installed size is 10.6Mb
sub-directories of 1Mb or more:
libs 10.0Mb
Flavors: r-release-macos-arm64, r-oldrel-macos-arm64, r-oldrel-macos-x86_64