Last updated on 2024-05-11 03:51:54 CEST.
Flavor | Version | Tinstall | Tcheck | Ttotal | Status | Flags |
---|---|---|---|---|---|---|
r-devel-linux-x86_64-debian-clang | 1.0.1 | 94.08 | 32.38 | 126.46 | NOTE | |
r-devel-linux-x86_64-debian-gcc | 1.0.1 | 67.61 | 23.93 | 91.54 | NOTE | |
r-devel-linux-x86_64-fedora-clang | 1.0.1 | 206.35 | NOTE | |||
r-devel-linux-x86_64-fedora-gcc | 1.0.1 | 232.84 | NOTE | |||
r-devel-windows-x86_64 | 1.0.1 | 71.00 | 68.00 | 139.00 | NOTE | |
r-patched-linux-x86_64 | 1.0.1 | 82.53 | 30.15 | 112.68 | NOTE | |
r-release-linux-x86_64 | 1.0.1 | 91.87 | 29.06 | 120.93 | NOTE | |
r-release-macos-arm64 | 1.0.1 | 38.00 | NOTE | |||
r-release-windows-x86_64 | 1.0.1 | 69.00 | 66.00 | 135.00 | NOTE | |
r-oldrel-macos-arm64 | 1.0.1 | 41.00 | NOTE | |||
r-oldrel-macos-x86_64 | 1.0.1 | 72.00 | NOTE | |||
r-oldrel-windows-x86_64 | 1.0.1 | 88.00 | 73.00 | 161.00 | NOTE |
Version: 1.0.1
Check: C++ specification
Result: NOTE
Specified C++11: please drop specification unless essential
Flavors: r-devel-linux-x86_64-debian-clang, r-devel-linux-x86_64-debian-gcc, r-devel-linux-x86_64-fedora-clang, r-devel-linux-x86_64-fedora-gcc, r-devel-windows-x86_64, r-patched-linux-x86_64, r-release-linux-x86_64, r-release-macos-arm64, r-release-windows-x86_64, r-oldrel-macos-arm64, r-oldrel-macos-x86_64, r-oldrel-windows-x86_64