Last updated on 2024-05-13 03:49:33 CEST.
Flavor | Version | Tinstall | Tcheck | Ttotal | Status | Flags |
---|---|---|---|---|---|---|
r-devel-linux-x86_64-debian-clang | 0.3-5 | 75.09 | 170.15 | 245.24 | NOTE | |
r-devel-linux-x86_64-debian-gcc | 0.3-5 | 50.55 | 126.10 | 176.65 | NOTE | |
r-devel-linux-x86_64-fedora-clang | 0.3-5 | 347.85 | NOTE | |||
r-devel-linux-x86_64-fedora-gcc | 0.3-5 | 371.29 | NOTE | |||
r-devel-windows-x86_64 | 0.3-5 | 61.00 | 178.00 | 239.00 | NOTE | |
r-patched-linux-x86_64 | 0.3-5 | 79.70 | 159.76 | 239.46 | NOTE | |
r-release-linux-x86_64 | 0.3-5 | 75.02 | 162.80 | 237.82 | NOTE | |
r-release-macos-arm64 | 0.3-5 | 73.00 | NOTE | |||
r-release-windows-x86_64 | 0.3-5 | 61.00 | 174.00 | 235.00 | NOTE | |
r-oldrel-macos-arm64 | 0.3-5 | 81.00 | OK | |||
r-oldrel-macos-x86_64 | 0.3-5 | 138.00 | OK | |||
r-oldrel-windows-x86_64 | 0.3-5 | 73.00 | 216.00 | 289.00 | OK |
Version: 0.3-5
Check: Rd files
Result: NOTE
checkRd: (-1) besselap.Rd:58: Lost braces
58 | Thomas Sailer, email{t.sailer@alumni.ethz.ch}.\cr Conversion to R by
| ^
checkRd: (-1) diric.Rd:25: Lost braces; missing escapes or markup?
25 | evaluated at the elements of the input array {x}.
| ^
Flavors: r-devel-linux-x86_64-debian-clang, r-devel-linux-x86_64-debian-gcc, r-devel-linux-x86_64-fedora-clang, r-devel-linux-x86_64-fedora-gcc, r-devel-windows-x86_64, r-patched-linux-x86_64, r-release-linux-x86_64, r-release-macos-arm64, r-release-windows-x86_64