Last updated on 2024-05-11 03:51:54 CEST.
Flavor | Version | Tinstall | Tcheck | Ttotal | Status | Flags |
---|---|---|---|---|---|---|
r-devel-linux-x86_64-debian-clang | 1.2.1 | 65.40 | 126.48 | 191.88 | NOTE | |
r-devel-linux-x86_64-debian-gcc | 1.2.1 | 49.67 | 91.24 | 140.91 | NOTE | |
r-devel-linux-x86_64-fedora-clang | 1.2.1 | 256.95 | NOTE | |||
r-devel-linux-x86_64-fedora-gcc | 1.2.1 | 298.67 | NOTE | |||
r-devel-windows-x86_64 | 1.2.1 | 51.00 | 120.00 | 171.00 | NOTE | |
r-patched-linux-x86_64 | 1.2.1 | 57.29 | 120.28 | 177.57 | NOTE | |
r-release-linux-x86_64 | 1.2.1 | 55.10 | 117.73 | 172.83 | NOTE | |
r-release-macos-arm64 | 1.2.1 | 61.00 | NOTE | |||
r-release-windows-x86_64 | 1.2.1 | 51.00 | 119.00 | 170.00 | NOTE | |
r-oldrel-macos-arm64 | 1.2.1 | 68.00 | NOTE | |||
r-oldrel-macos-x86_64 | 1.2.1 | 111.00 | NOTE | |||
r-oldrel-windows-x86_64 | 1.2.1 | 64.00 | 144.00 | 208.00 | NOTE |
Version: 1.2.1
Check: C++ specification
Result: NOTE
Specified C++11: please drop specification unless essential
Flavors: r-devel-linux-x86_64-debian-clang, r-devel-linux-x86_64-debian-gcc, r-devel-linux-x86_64-fedora-clang, r-devel-linux-x86_64-fedora-gcc, r-devel-windows-x86_64, r-patched-linux-x86_64, r-release-linux-x86_64, r-release-macos-arm64, r-release-windows-x86_64, r-oldrel-macos-arm64, r-oldrel-macos-x86_64, r-oldrel-windows-x86_64