Last updated on 2024-05-11 15:49:07 CEST.
Flavor | Version | Tinstall | Tcheck | Ttotal | Status | Flags |
---|---|---|---|---|---|---|
r-devel-linux-x86_64-debian-clang | 1.5.1 | 7.36 | 56.47 | 63.83 | OK | |
r-devel-linux-x86_64-debian-gcc | 1.5.1 | 5.94 | 42.89 | 48.83 | OK | |
r-devel-linux-x86_64-fedora-clang | 1.5.1 | 83.84 | NOTE | |||
r-devel-linux-x86_64-fedora-gcc | 1.5.1 | 111.49 | NOTE | |||
r-devel-windows-x86_64 | 1.5.1 | 11.00 | 60.00 | 71.00 | OK | |
r-patched-linux-x86_64 | 1.5.1 | 7.79 | 52.90 | 60.69 | OK | |
r-release-linux-x86_64 | 1.5.1 | 7.31 | 52.04 | 59.35 | OK | |
r-release-macos-arm64 | 1.5.1 | 29.00 | OK | |||
r-release-windows-x86_64 | 1.5.1 | 10.00 | 59.00 | 69.00 | OK | |
r-oldrel-macos-arm64 | 1.5.1 | 30.00 | OK | |||
r-oldrel-macos-x86_64 | 1.5.1 | 43.00 | OK | |||
r-oldrel-windows-x86_64 | 1.5.1 | 11.00 | 65.00 | 76.00 | OK |
Version: 1.5.1
Check: data for non-ASCII characters
Result: NOTE
Note: found 269 marked UTF-8 strings
Flavors: r-devel-linux-x86_64-fedora-clang, r-devel-linux-x86_64-fedora-gcc