Last updated on 2024-05-11 03:51:55 CEST.
Flavor | Version | Tinstall | Tcheck | Ttotal | Status | Flags |
---|---|---|---|---|---|---|
r-devel-linux-x86_64-debian-clang | 1.0.5 | 30.52 | 730.76 | 761.28 | OK | |
r-devel-linux-x86_64-debian-gcc | 1.0.5 | 28.99 | 524.36 | 553.35 | OK | |
r-devel-linux-x86_64-fedora-clang | 1.0.5 | 924.31 | NOTE | |||
r-devel-linux-x86_64-fedora-gcc | 1.0.5 | 1074.91 | OK | |||
r-devel-windows-x86_64 | 1.0.5 | 27.00 | 463.00 | 490.00 | NOTE | |
r-patched-linux-x86_64 | 1.0.5 | 28.71 | 673.66 | 702.37 | OK | |
r-release-linux-x86_64 | 1.0.5 | 29.64 | 682.10 | 711.74 | OK | |
r-release-macos-arm64 | 1.0.5 | 218.00 | NOTE | |||
r-release-macos-x86_64 | 1.0.5 | 579.00 | NOTE | |||
r-release-windows-x86_64 | 1.0.5 | 28.00 | 453.00 | 481.00 | NOTE | |
r-oldrel-macos-arm64 | 1.0.5 | 221.00 | NOTE | |||
r-oldrel-macos-x86_64 | 1.0.5 | 598.00 | NOTE | |||
r-oldrel-windows-x86_64 | 1.0.5 | 41.00 | 581.00 | 622.00 | NOTE |
Version: 1.0.5
Check: installed package size
Result: NOTE
installed size is 5.1Mb
sub-directories of 1Mb or more:
data 2.8Mb
doc 1.3Mb
Flavors: r-devel-linux-x86_64-fedora-clang, r-devel-windows-x86_64, r-release-macos-arm64, r-release-macos-x86_64, r-release-windows-x86_64, r-oldrel-macos-arm64, r-oldrel-macos-x86_64, r-oldrel-windows-x86_64