Last updated on 2024-05-11 03:51:55 CEST.
Flavor | Version | Tinstall | Tcheck | Ttotal | Status | Flags |
---|---|---|---|---|---|---|
r-devel-linux-x86_64-debian-clang | 3.4 | 7.16 | 50.23 | 57.39 | OK | |
r-devel-linux-x86_64-debian-gcc | 3.4 | 5.12 | 38.05 | 43.17 | OK | |
r-devel-linux-x86_64-fedora-clang | 3.4 | 75.59 | OK | |||
r-devel-linux-x86_64-fedora-gcc | 3.4 | 77.46 | OK | |||
r-devel-windows-x86_64 | 3.4 | 10.00 | 67.00 | 77.00 | NOTE | |
r-patched-linux-x86_64 | 3.4 | 5.71 | 52.28 | 57.99 | OK | |
r-release-linux-x86_64 | 3.4 | 6.16 | 50.23 | 56.39 | OK | |
r-release-macos-arm64 | 3.4 | 26.00 | OK | |||
r-release-windows-x86_64 | 3.4 | 11.00 | 73.00 | 84.00 | NOTE | |
r-oldrel-macos-arm64 | 3.4 | 26.00 | OK | |||
r-oldrel-macos-x86_64 | 3.4 | 37.00 | OK | |||
r-oldrel-windows-x86_64 | 3.4 | 12.00 | 69.00 | 81.00 | NOTE |
Version: 3.4
Check: C++ specification
Result: NOTE
Specified C++11: please drop specification unless essential
Flavors: r-devel-windows-x86_64, r-release-windows-x86_64, r-oldrel-windows-x86_64