Last updated on 2024-05-13 03:49:33 CEST.
Flavor | Version | Tinstall | Tcheck | Ttotal | Status | Flags |
---|---|---|---|---|---|---|
r-devel-linux-x86_64-debian-clang | 0.2.1 | 13.28 | 116.09 | 129.37 | OK | |
r-devel-linux-x86_64-debian-gcc | 0.2.1 | 9.96 | 90.00 | 99.96 | OK | |
r-devel-linux-x86_64-fedora-clang | 0.2.1 | 160.97 | NOTE | |||
r-devel-linux-x86_64-fedora-gcc | 0.2.1 | 205.89 | OK | |||
r-devel-windows-x86_64 | 0.2.1 | 12.00 | 106.00 | 118.00 | NOTE | |
r-patched-linux-x86_64 | 0.2.1 | 10.81 | 113.87 | 124.68 | OK | |
r-release-linux-x86_64 | 0.2.1 | 7.85 | 112.42 | 120.27 | OK | |
r-release-macos-arm64 | 0.2.1 | 56.00 | NOTE | |||
r-release-windows-x86_64 | 0.2.1 | 12.00 | 108.00 | 120.00 | NOTE | |
r-oldrel-macos-arm64 | 0.2.1 | 52.00 | NOTE | |||
r-oldrel-macos-x86_64 | 0.2.1 | 98.00 | NOTE | |||
r-oldrel-windows-x86_64 | 0.2.1 | 15.00 | 129.00 | 144.00 | NOTE |
Version: 0.2.1
Check: installed package size
Result: NOTE
installed size is 5.5Mb
sub-directories of 1Mb or more:
data 1.4Mb
doc 3.8Mb
Flavors: r-devel-linux-x86_64-fedora-clang, r-devel-windows-x86_64, r-release-macos-arm64, r-release-windows-x86_64, r-oldrel-macos-arm64, r-oldrel-macos-x86_64, r-oldrel-windows-x86_64