Last updated on 2024-05-13 03:49:33 CEST.
Flavor | Version | Tinstall | Tcheck | Ttotal | Status | Flags |
---|---|---|---|---|---|---|
r-devel-linux-x86_64-debian-clang | 0.4.2 | 3.40 | 80.00 | 83.40 | OK | |
r-devel-linux-x86_64-debian-gcc | 0.4.2 | 2.97 | 61.28 | 64.25 | OK | |
r-devel-linux-x86_64-fedora-clang | 0.4.2 | 107.58 | NOTE | |||
r-devel-linux-x86_64-fedora-gcc | 0.4.2 | 133.98 | NOTE | |||
r-devel-windows-x86_64 | 0.4.2 | 4.00 | 92.00 | 96.00 | OK | |
r-patched-linux-x86_64 | 0.4.2 | 5.74 | 78.93 | 84.67 | OK | |
r-release-linux-x86_64 | 0.4.2 | 3.96 | 77.84 | 81.80 | OK | |
r-release-macos-arm64 | 0.4.2 | 93.00 | OK | |||
r-release-macos-x86_64 | 0.4.2 | 148.00 | OK | |||
r-release-windows-x86_64 | 0.4.2 | 4.00 | 92.00 | 96.00 | OK | |
r-oldrel-macos-arm64 | 0.4.2 | 89.00 | OK | |||
r-oldrel-macos-x86_64 | 0.4.2 | 147.00 | OK | |||
r-oldrel-windows-x86_64 | 0.4.2 | 5.00 | 101.00 | 106.00 | OK |
Version: 0.4.2
Check: data for non-ASCII characters
Result: NOTE
Note: found 52 marked UTF-8 strings
Flavors: r-devel-linux-x86_64-fedora-clang, r-devel-linux-x86_64-fedora-gcc