Last updated on 2024-05-13 03:49:33 CEST.
Flavor | Version | Tinstall | Tcheck | Ttotal | Status | Flags |
---|---|---|---|---|---|---|
r-devel-linux-x86_64-debian-clang | 0.5-11 | 7.10 | 192.29 | 199.39 | NOTE | |
r-devel-linux-x86_64-debian-gcc | 0.5-11 | 6.04 | 142.94 | 148.98 | NOTE | |
r-devel-linux-x86_64-fedora-clang | 0.5-11 | 248.54 | NOTE | |||
r-devel-linux-x86_64-fedora-gcc | 0.5-11 | 275.27 | NOTE | |||
r-devel-windows-x86_64 | 0.5-11 | 8.00 | 191.00 | 199.00 | NOTE | |
r-patched-linux-x86_64 | 0.5-11 | 6.04 | 196.66 | 202.70 | NOTE | |
r-release-linux-x86_64 | 0.5-11 | 7.49 | 193.87 | 201.36 | NOTE | |
r-release-macos-arm64 | 0.5-11 | 70.00 | NOTE | |||
r-release-windows-x86_64 | 0.5-11 | 9.00 | 190.00 | 199.00 | NOTE | |
r-oldrel-macos-arm64 | 0.5-11 | 79.00 | OK | |||
r-oldrel-macos-x86_64 | 0.5-11 | 131.00 | OK | |||
r-oldrel-windows-x86_64 | 0.5-11 | 10.00 | 224.00 | 234.00 | OK |
Version: 0.5-11
Check: Rd files
Result: NOTE
checkRd: (-1) read.VCF.Rd:21: Lost braces
21 | Reads a \url{https://samtools.github.io/hts-specs/}{Variant Call Format (VCF)} file into a BED object,
| ^
Flavors: r-devel-linux-x86_64-debian-clang, r-devel-linux-x86_64-debian-gcc, r-devel-linux-x86_64-fedora-clang, r-devel-linux-x86_64-fedora-gcc, r-devel-windows-x86_64, r-patched-linux-x86_64, r-release-linux-x86_64, r-release-macos-arm64, r-release-windows-x86_64