Last updated on 2024-05-13 03:49:33 CEST.
Flavor | Version | Tinstall | Tcheck | Ttotal | Status | Flags |
---|---|---|---|---|---|---|
r-devel-linux-x86_64-debian-clang | 0.2.0 | 5.42 | 39.15 | 44.57 | NOTE | |
r-devel-linux-x86_64-debian-gcc | 0.2.0 | 3.63 | 29.93 | 33.56 | NOTE | |
r-devel-linux-x86_64-fedora-clang | 0.2.0 | 57.51 | NOTE | |||
r-devel-linux-x86_64-fedora-gcc | 0.2.0 | 72.93 | NOTE | |||
r-devel-windows-x86_64 | 0.2.0 | 5.00 | 48.00 | 53.00 | NOTE | |
r-patched-linux-x86_64 | 0.2.0 | 2.74 | 36.94 | 39.68 | NOTE | |
r-release-linux-x86_64 | 0.2.0 | 3.44 | 38.14 | 41.58 | NOTE | |
r-release-macos-arm64 | 0.2.0 | 20.00 | NOTE | |||
r-release-windows-x86_64 | 0.2.0 | 4.00 | 49.00 | 53.00 | NOTE | |
r-oldrel-macos-arm64 | 0.2.0 | 21.00 | NOTE | |||
r-oldrel-macos-x86_64 | 0.2.0 | 39.00 | NOTE | |||
r-oldrel-windows-x86_64 | 0.2.0 | 6.00 | 51.00 | 57.00 | NOTE |
Version: 0.2.0
Check: LazyData
Result: NOTE
'LazyData' is specified without a 'data' directory
Flavors: r-devel-linux-x86_64-debian-clang, r-devel-linux-x86_64-debian-gcc, r-devel-linux-x86_64-fedora-clang, r-devel-linux-x86_64-fedora-gcc, r-devel-windows-x86_64, r-patched-linux-x86_64, r-release-linux-x86_64, r-release-macos-arm64, r-release-windows-x86_64, r-oldrel-macos-arm64, r-oldrel-macos-x86_64, r-oldrel-windows-x86_64