Last updated on 2024-05-09 15:49:21 CEST.
Flavor | Version | Tinstall | Tcheck | Ttotal | Status | Flags |
---|---|---|---|---|---|---|
r-devel-linux-x86_64-debian-clang | 2.0.3 | 83.22 | 59.54 | 142.76 | OK | |
r-devel-linux-x86_64-debian-gcc | 2.0.3 | 59.33 | 44.87 | 104.20 | OK | |
r-devel-linux-x86_64-fedora-clang | 2.0.3 | 213.26 | NOTE | |||
r-devel-linux-x86_64-fedora-gcc | 2.0.3 | 258.03 | NOTE | |||
r-devel-windows-x86_64 | 2.0.3 | 62.00 | 102.00 | 164.00 | OK | |
r-patched-linux-x86_64 | 2.0.3 | 66.51 | 58.77 | 125.28 | OK | |
r-release-linux-x86_64 | 2.0.3 | 76.31 | 59.38 | 135.69 | OK | |
r-release-macos-arm64 | 2.0.3 | 52.00 | OK | |||
r-release-macos-x86_64 | 2.0.3 | 108.00 | OK | |||
r-release-windows-x86_64 | 2.0.3 | 65.00 | 102.00 | 167.00 | OK | |
r-oldrel-macos-arm64 | 2.0.3 | 54.00 | OK | |||
r-oldrel-macos-x86_64 | 2.0.3 | 106.00 | OK | |||
r-oldrel-windows-x86_64 | 2.0.3 | 76.00 | 105.00 | 181.00 | OK |
Version: 2.0.3
Check: compiled code
Result: NOTE
File ‘hsphase/libs/hsphase.so’:
Found no calls to: ‘R_registerRoutines’, ‘R_useDynamicSymbols’
It is good practice to register native routines and to disable symbol
search.
See ‘Writing portable packages’ in the ‘Writing R Extensions’ manual.
Flavors: r-devel-linux-x86_64-fedora-clang, r-devel-linux-x86_64-fedora-gcc