Last updated on 2024-05-13 03:49:33 CEST.
Flavor | Version | Tinstall | Tcheck | Ttotal | Status | Flags |
---|---|---|---|---|---|---|
r-devel-linux-x86_64-debian-clang | 0.8.2 | 577.31 | 194.78 | 772.09 | OK | |
r-devel-linux-x86_64-debian-gcc | 0.8.2 | 523.14 | 180.94 | 704.08 | OK | |
r-devel-linux-x86_64-fedora-clang | 0.8.2 | 953.64 | NOTE | |||
r-devel-linux-x86_64-fedora-gcc | 0.8.2 | 1490.39 | NOTE | |||
r-devel-windows-x86_64 | 0.8.2 | 457.00 | 239.00 | 696.00 | OK | |
r-patched-linux-x86_64 | 0.8.2 | 497.65 | 216.64 | 714.29 | OK | |
r-release-linux-x86_64 | 0.8.2 | 501.07 | 212.33 | 713.40 | OK | |
r-release-macos-arm64 | 0.8.2 | 227.00 | NOTE | |||
r-release-windows-x86_64 | 0.8.2 | 435.00 | 240.00 | 675.00 | OK | |
r-oldrel-macos-arm64 | 0.8.2 | 212.00 | NOTE | |||
r-oldrel-macos-x86_64 | 0.8.2 | 263.00 | NOTE | |||
r-oldrel-windows-x86_64 | 0.8.2 | 581.00 | 307.00 | 888.00 | OK |
Version: 0.8.2
Check: installed package size
Result: NOTE
installed size is 5.2Mb
sub-directories of 1Mb or more:
libs 4.7Mb
Flavors: r-devel-linux-x86_64-fedora-clang, r-release-macos-arm64, r-oldrel-macos-arm64, r-oldrel-macos-x86_64
Version: 0.8.2
Check: for GNU extensions in Makefiles
Result: NOTE
GNU make is a SystemRequirements.
Flavors: r-devel-linux-x86_64-fedora-clang, r-devel-linux-x86_64-fedora-gcc, r-release-macos-arm64, r-oldrel-macos-arm64, r-oldrel-macos-x86_64