Last updated on 2024-05-09 15:49:21 CEST.
Flavor | Version | Tinstall | Tcheck | Ttotal | Status | Flags |
---|---|---|---|---|---|---|
r-devel-linux-x86_64-debian-clang | 3.0.3 | 77.98 | 48.34 | 126.32 | OK | |
r-devel-linux-x86_64-debian-gcc | 3.0.3 | 55.68 | 43.30 | 98.98 | OK | |
r-devel-linux-x86_64-fedora-clang | 3.0.3 | 199.67 | OK | |||
r-devel-linux-x86_64-fedora-gcc | 3.0.3 | 251.27 | OK | |||
r-devel-windows-x86_64 | 3.0.3 | 64.00 | 92.00 | 156.00 | OK | |
r-patched-linux-x86_64 | 3.0.3 | 81.11 | 54.36 | 135.47 | OK | |
r-release-linux-x86_64 | 3.0.3 | 79.57 | 52.88 | 132.45 | OK | |
r-release-macos-arm64 | 3.0.3 | 57.00 | NOTE | |||
r-release-windows-x86_64 | 3.0.3 | 63.00 | 97.00 | 160.00 | OK | |
r-oldrel-macos-arm64 | 3.0.3 | 85.00 | NOTE | |||
r-oldrel-macos-x86_64 | 3.0.3 | 154.00 | NOTE | |||
r-oldrel-windows-x86_64 | 3.0.3 | 62.00 | 102.00 | 164.00 | OK |
Version: 3.0.3
Check: installed package size
Result: NOTE
installed size is 7.9Mb
sub-directories of 1Mb or more:
dict 1.5Mb
libs 5.3Mb
Flavors: r-release-macos-arm64, r-oldrel-macos-arm64, r-oldrel-macos-x86_64