Last updated on 2024-05-11 03:51:55 CEST.
Flavor | Version | Tinstall | Tcheck | Ttotal | Status | Flags |
---|---|---|---|---|---|---|
r-devel-linux-x86_64-debian-clang | 0.0.3 | 3.63 | 48.20 | 51.83 | OK | |
r-devel-linux-x86_64-debian-gcc | 0.0.3 | 2.69 | 37.59 | 40.28 | OK | |
r-devel-linux-x86_64-fedora-clang | 0.0.3 | 66.33 | NOTE | |||
r-devel-linux-x86_64-fedora-gcc | 0.0.3 | 115.11 | NOTE | |||
r-devel-windows-x86_64 | 0.0.3 | 5.00 | 57.00 | 62.00 | OK | |
r-patched-linux-x86_64 | 0.0.3 | 4.15 | 46.63 | 50.78 | OK | |
r-release-linux-x86_64 | 0.0.3 | 4.06 | 45.70 | 49.76 | OK | |
r-release-macos-arm64 | 0.0.3 | 29.00 | OK | |||
r-release-windows-x86_64 | 0.0.3 | 4.00 | 56.00 | 60.00 | OK | |
r-oldrel-macos-arm64 | 0.0.3 | 28.00 | OK | |||
r-oldrel-macos-x86_64 | 0.0.3 | 41.00 | OK | |||
r-oldrel-windows-x86_64 | 0.0.3 | 6.00 | 58.00 | 64.00 | OK |
Version: 0.0.3
Check: data for non-ASCII characters
Result: NOTE
Note: found 38558 marked UTF-8 strings
Flavors: r-devel-linux-x86_64-fedora-clang, r-devel-linux-x86_64-fedora-gcc