Last updated on 2024-05-11 03:51:55 CEST.
Flavor | Version | Tinstall | Tcheck | Ttotal | Status | Flags |
---|---|---|---|---|---|---|
r-devel-linux-x86_64-debian-clang | 2.0.16 | 85.71 | 173.62 | 259.33 | OK | |
r-devel-linux-x86_64-debian-gcc | 2.0.16 | 72.13 | 127.33 | 199.46 | OK | |
r-devel-linux-x86_64-fedora-clang | 2.0.16 | 328.06 | OK | |||
r-devel-linux-x86_64-fedora-gcc | 2.0.16 | 412.82 | OK | |||
r-devel-windows-x86_64 | 2.0.16 | 63.00 | 269.00 | 332.00 | OK | |
r-patched-linux-x86_64 | 2.0.16 | 96.09 | 170.72 | 266.81 | OK | |
r-release-linux-x86_64 | 2.0.16 | 94.26 | 172.83 | 267.09 | OK | |
r-release-macos-arm64 | 2.0.16 | 94.00 | NOTE | |||
r-release-windows-x86_64 | 2.0.16 | 64.00 | 264.00 | 328.00 | OK | |
r-oldrel-macos-arm64 | 2.0.16 | 121.00 | NOTE | |||
r-oldrel-macos-x86_64 | 2.0.16 | 261.00 | NOTE | |||
r-oldrel-windows-x86_64 | 2.0.16 | 80.00 | 294.00 | 374.00 | OK |
Version: 2.0.16
Check: installed package size
Result: NOTE
installed size is 19.3Mb
sub-directories of 1Mb or more:
libs 17.8Mb
Flavors: r-release-macos-arm64, r-oldrel-macos-arm64, r-oldrel-macos-x86_64