Last updated on 2024-05-11 03:51:56 CEST.
Flavor | Version | Tinstall | Tcheck | Ttotal | Status | Flags |
---|---|---|---|---|---|---|
r-devel-linux-x86_64-debian-clang | 0.1.0 | 5.52 | 62.53 | 68.05 | OK | |
r-devel-linux-x86_64-debian-gcc | 0.1.0 | 5.12 | 46.68 | 51.80 | OK | |
r-devel-linux-x86_64-fedora-clang | 0.1.0 | 87.90 | NOTE | |||
r-devel-linux-x86_64-fedora-gcc | 0.1.0 | 141.70 | NOTE | |||
r-devel-windows-x86_64 | 0.1.0 | 8.00 | 68.00 | 76.00 | OK | |
r-patched-linux-x86_64 | 0.1.0 | 4.61 | 59.46 | 64.07 | OK | |
r-release-linux-x86_64 | 0.1.0 | 4.55 | 59.04 | 63.59 | OK | |
r-release-macos-arm64 | 0.1.0 | 31.00 | OK | |||
r-release-windows-x86_64 | 0.1.0 | 8.00 | 67.00 | 75.00 | OK | |
r-oldrel-macos-arm64 | 0.1.0 | 30.00 | OK | |||
r-oldrel-macos-x86_64 | 0.1.0 | 47.00 | OK | |||
r-oldrel-windows-x86_64 | 0.1.0 | 10.00 | 72.00 | 82.00 | OK |
Version: 0.1.0
Check: dependencies in R code
Result: NOTE
Namespaces in Imports field not imported from:
‘fBasics’ ‘reshape’ ‘tidyr’ ‘utils’
All declared Imports should be used.
Flavors: r-devel-linux-x86_64-fedora-clang, r-devel-linux-x86_64-fedora-gcc
Version: 0.1.0
Check: data for non-ASCII characters
Result: NOTE
Note: found 2261 marked UTF-8 strings
Flavors: r-devel-linux-x86_64-fedora-clang, r-devel-linux-x86_64-fedora-gcc