Last updated on 2024-05-13 03:49:34 CEST.
Flavor | Version | Tinstall | Tcheck | Ttotal | Status | Flags |
---|---|---|---|---|---|---|
r-devel-linux-x86_64-debian-clang | 1.0.4 | 2.60 | 26.73 | 29.33 | OK | |
r-devel-linux-x86_64-debian-gcc | 1.0.4 | 2.06 | 21.13 | 23.19 | OK | |
r-devel-linux-x86_64-fedora-clang | 1.0.4 | 37.38 | NOTE | |||
r-devel-linux-x86_64-fedora-gcc | 1.0.4 | 43.10 | NOTE | |||
r-devel-windows-x86_64 | 1.0.4 | 4.00 | 45.00 | 49.00 | OK | |
r-patched-linux-x86_64 | 1.0.4 | 3.00 | 25.76 | 28.76 | OK | |
r-release-linux-x86_64 | 1.0.4 | 2.61 | 26.04 | 28.65 | OK | |
r-release-macos-arm64 | 1.0.4 | 21.00 | OK | |||
r-release-windows-x86_64 | 1.0.4 | 5.00 | 47.00 | 52.00 | OK | |
r-oldrel-macos-arm64 | 1.0.4 | 22.00 | OK | |||
r-oldrel-macos-x86_64 | 1.0.4 | 37.00 | OK | |||
r-oldrel-windows-x86_64 | 1.0.4 | 4.00 | 44.00 | 48.00 | OK |
Version: 1.0.4
Check: data for non-ASCII characters
Result: NOTE
Note: found 87 marked UTF-8 strings
Flavors: r-devel-linux-x86_64-fedora-clang, r-devel-linux-x86_64-fedora-gcc