Last updated on 2024-05-13 03:49:35 CEST.
Flavor | Version | Tinstall | Tcheck | Ttotal | Status | Flags |
---|---|---|---|---|---|---|
r-devel-linux-x86_64-debian-clang | 0.1.1 | 2.33 | 22.73 | 25.06 | OK | |
r-devel-linux-x86_64-debian-gcc | 0.1.1 | 1.91 | 17.75 | 19.66 | OK | |
r-devel-linux-x86_64-fedora-clang | 0.1.1 | 31.88 | NOTE | |||
r-devel-linux-x86_64-fedora-gcc | 0.1.1 | 33.26 | NOTE | |||
r-devel-windows-x86_64 | 0.1.1 | 3.00 | 41.00 | 44.00 | OK | |
r-patched-linux-x86_64 | 0.1.1 | 1.54 | 22.40 | 23.94 | OK | |
r-release-linux-x86_64 | 0.1.1 | 2.21 | 22.21 | 24.42 | OK | |
r-release-macos-arm64 | 0.1.1 | 15.00 | OK | |||
r-release-windows-x86_64 | 0.1.1 | 3.00 | 41.00 | 44.00 | OK | |
r-oldrel-macos-arm64 | 0.1.1 | 17.00 | OK | |||
r-oldrel-macos-x86_64 | 0.1.1 | 32.00 | OK | |||
r-oldrel-windows-x86_64 | 0.1.1 | 4.00 | 41.00 | 45.00 | OK |
Version: 0.1.1
Check: dependencies in R code
Result: NOTE
Namespace in Imports field not imported from: ‘mvtnorm’
All declared Imports should be used.
Flavors: r-devel-linux-x86_64-fedora-clang, r-devel-linux-x86_64-fedora-gcc