Last updated on 2024-05-13 03:49:35 CEST.
Flavor | Version | Tinstall | Tcheck | Ttotal | Status | Flags |
---|---|---|---|---|---|---|
r-devel-linux-x86_64-debian-clang | 0.1.0 | 12.26 | 123.31 | 135.57 | NOTE | |
r-devel-linux-x86_64-debian-gcc | 0.1.0 | 8.80 | 88.74 | 97.54 | NOTE | |
r-devel-linux-x86_64-fedora-clang | 0.1.0 | 169.82 | NOTE | |||
r-devel-linux-x86_64-fedora-gcc | 0.1.0 | 234.33 | NOTE | |||
r-devel-windows-x86_64 | 0.1.0 | 10.00 | 108.00 | 118.00 | NOTE | |
r-patched-linux-x86_64 | 0.1.0 | 10.97 | 112.74 | 123.71 | NOTE | |
r-release-linux-x86_64 | 0.1.0 | 8.04 | 114.45 | 122.49 | NOTE | |
r-release-macos-arm64 | 0.1.0 | 52.00 | NOTE | |||
r-release-macos-x86_64 | 0.1.0 | 100.00 | NOTE | |||
r-release-windows-x86_64 | 0.1.0 | 11.00 | 109.00 | 120.00 | NOTE | |
r-oldrel-macos-arm64 | 0.1.0 | 59.00 | NOTE | |||
r-oldrel-macos-x86_64 | 0.1.0 | 139.00 | NOTE | |||
r-oldrel-windows-x86_64 | 0.1.0 | 14.00 | 128.00 | 142.00 | NOTE |
Version: 0.1.0
Check: package dependencies
Result: NOTE
Package suggested but not available for checking: ‘RGeostats’
Flavors: r-devel-linux-x86_64-debian-clang, r-devel-linux-x86_64-debian-gcc, r-devel-linux-x86_64-fedora-clang, r-devel-linux-x86_64-fedora-gcc, r-devel-windows-x86_64, r-patched-linux-x86_64, r-release-linux-x86_64, r-release-macos-arm64, r-release-macos-x86_64, r-release-windows-x86_64, r-oldrel-macos-arm64, r-oldrel-macos-x86_64, r-oldrel-windows-x86_64