Last updated on 2024-05-11 15:49:09 CEST.
Flavor | Version | Tinstall | Tcheck | Ttotal | Status | Flags |
---|---|---|---|---|---|---|
r-devel-linux-x86_64-debian-clang | 0.4.4 | 5.03 | 49.59 | 54.62 | NOTE | |
r-devel-linux-x86_64-debian-gcc | 0.4.4 | 3.75 | 36.58 | 40.33 | NOTE | |
r-devel-linux-x86_64-fedora-clang | 0.4.4 | 67.28 | NOTE | |||
r-devel-linux-x86_64-fedora-gcc | 0.4.4 | 87.24 | NOTE | |||
r-devel-windows-x86_64 | 0.4.4 | 6.00 | 105.00 | 111.00 | NOTE | |
r-patched-linux-x86_64 | 0.4.4 | 3.01 | 46.18 | 49.19 | NOTE | |
r-release-linux-x86_64 | 0.4.4 | 2.98 | 45.07 | 48.05 | NOTE | |
r-release-macos-arm64 | 0.4.4 | 25.00 | NOTE | |||
r-release-windows-x86_64 | 0.4.4 | 6.00 | 57.00 | 63.00 | NOTE | |
r-oldrel-macos-arm64 | 0.4.4 | 24.00 | NOTE | |||
r-oldrel-macos-x86_64 | 0.4.4 | 35.00 | NOTE | |||
r-oldrel-windows-x86_64 | 0.4.4 | 7.00 | 61.00 | 68.00 | NOTE |
Version: 0.4.4
Check: LazyData
Result: NOTE
'LazyData' is specified without a 'data' directory
Flavors: r-devel-linux-x86_64-debian-clang, r-devel-linux-x86_64-debian-gcc, r-devel-linux-x86_64-fedora-clang, r-devel-linux-x86_64-fedora-gcc, r-devel-windows-x86_64, r-patched-linux-x86_64, r-release-linux-x86_64, r-release-macos-arm64, r-release-windows-x86_64, r-oldrel-macos-arm64, r-oldrel-macos-x86_64, r-oldrel-windows-x86_64