Last updated on 2024-05-11 03:51:57 CEST.
Flavor | Version | Tinstall | Tcheck | Ttotal | Status | Flags |
---|---|---|---|---|---|---|
r-devel-linux-x86_64-debian-clang | 0.1-2 | 15.05 | 111.82 | 126.87 | OK | |
r-devel-linux-x86_64-debian-gcc | 0.1-2 | 10.10 | 81.64 | 91.74 | OK | |
r-devel-linux-x86_64-fedora-clang | 0.1-2 | 158.72 | NOTE | |||
r-devel-linux-x86_64-fedora-gcc | 0.1-2 | 206.12 | NOTE | |||
r-devel-windows-x86_64 | 0.1-2 | 11.00 | 89.00 | 100.00 | OK | |
r-patched-linux-x86_64 | 0.1-2 | 16.07 | 109.15 | 125.22 | OK | |
r-release-linux-x86_64 | 0.1-2 | 13.22 | 108.48 | 121.70 | OK | |
r-release-macos-arm64 | 0.1-2 | 45.00 | OK | |||
r-release-windows-x86_64 | 0.1-2 | 11.00 | 87.00 | 98.00 | OK | |
r-oldrel-macos-arm64 | 0.1-2 | 52.00 | OK | |||
r-oldrel-macos-x86_64 | 0.1-2 | 61.00 | OK | |||
r-oldrel-windows-x86_64 | 0.1-2 | 13.00 | 98.00 | 111.00 | OK |
Version: 0.1-2
Check: data for non-ASCII characters
Result: NOTE
Note: found 6 marked UTF-8 strings
Flavors: r-devel-linux-x86_64-fedora-clang, r-devel-linux-x86_64-fedora-gcc