Last updated on 2024-05-13 03:49:35 CEST.
Flavor | Version | Tinstall | Tcheck | Ttotal | Status | Flags |
---|---|---|---|---|---|---|
r-devel-linux-x86_64-debian-clang | 1.0.0 | 2.12 | 38.31 | 40.43 | NOTE | |
r-devel-linux-x86_64-debian-gcc | 1.0.0 | 2.10 | 28.88 | 30.98 | NOTE | |
r-devel-linux-x86_64-fedora-clang | 1.0.0 | 51.54 | NOTE | |||
r-devel-linux-x86_64-fedora-gcc | 1.0.0 | 54.77 | NOTE | |||
r-devel-windows-x86_64 | 1.0.0 | 4.00 | 57.00 | 61.00 | NOTE | |
r-patched-linux-x86_64 | 1.0.0 | 2.25 | 36.69 | 38.94 | NOTE | |
r-release-linux-x86_64 | 1.0.0 | 1.59 | 35.99 | 37.58 | NOTE | |
r-release-macos-arm64 | 1.0.0 | 21.00 | NOTE | |||
r-release-windows-x86_64 | 1.0.0 | 4.00 | 57.00 | 61.00 | NOTE | |
r-oldrel-macos-arm64 | 1.0.0 | 20.00 | NOTE | |||
r-oldrel-macos-x86_64 | 1.0.0 | 28.00 | NOTE | |||
r-oldrel-windows-x86_64 | 1.0.0 | 4.00 | 59.00 | 63.00 | NOTE |
Version: 1.0.0
Check: LazyData
Result: NOTE
'LazyData' is specified without a 'data' directory
Flavors: r-devel-linux-x86_64-debian-clang, r-devel-linux-x86_64-debian-gcc, r-devel-linux-x86_64-fedora-clang, r-devel-linux-x86_64-fedora-gcc, r-devel-windows-x86_64, r-patched-linux-x86_64, r-release-linux-x86_64, r-release-macos-arm64, r-release-windows-x86_64, r-oldrel-macos-arm64, r-oldrel-macos-x86_64, r-oldrel-windows-x86_64